 24?
21
Suppose 4*m + j - 127 = 0, 0 = -4*m + j - 4*j + 133. Suppose -2*n + 22 = -0*n. Calculate the remainder when m is divided by n.
9
Let b(i) = -i**2 + 6*i + 13. Let z be b(7). Let j(c) = -c**2 + 9*c - 5. Calculate the remainder when 37 is divided by j(z).
11
What is the remainder when -2*801/(-24) + 5/20 is divided by 19?
10
Calculate the remainder when 41 is divided by 3/(-6) + 38/4.
5
Let r = 15 + -12. Calculate the remainder when 4 is divided by r.
1
Let t(v) = v**2 - v - 4. Calculate the remainder when t(-6) is divided by 2/6 + (-118)/(-6).
18
Let a = 0 + 0. Let t = -2 + a. Let k = t + 11. Calculate the remainder when 16 is divided by k.
7
Suppose -5*x + 3*w - w + 297 = 0, -4*w + 55 = x. Let v(y) = -12*y + 3. Calculate the remainder when x is divided by v(-1).
14
Let h(q) = 4*q - 2. Let f = 5 - 3. Suppose 0 = -u + f*u - 6. Calculate the remainder when h(u) is divided by 8.
6
Suppose -1 = 2*g - 31. Suppose -5*y + 0*y + 15 = 0, 0 = t + 4*y - g. What is the remainder when 8 is divided by t?
2
Let l = -19 + 31. What is the remainder when l is divided by 7?
5
Let u(a) = -a**2 + 8*a + 1. Suppose -2*d + 10 = -0*d. What is the remainder when 31 is divided by u(d)?
15
Let n(z) = 4*z**2 + 5*z + 3. Suppose -k - 2*p + 16 = 0, 2*k - 3*p - 32 = p. Calculate the remainder when n(-4) is divided by k.
15
Suppose 5*r - 36 = -2*u, 30 + 60 = 5*u - 5*r. Suppose 0*z - u = -3*z. Calculate the remainder when 10 is divided by z.
4
Suppose 17 = q + 4*d + 1, -4*d + 48 = 5*q. Calculate the remainder when q is divided by (-1)/(-1) - (-1 - 1).
2
Suppose -c + 43 = -5*j - 50, -j = -c + 93. Calculate the remainder when c is divided by 24.
21
Let a(r) = -4*r**3 - 8*r**2 + 3*r - 16. Let m(k) = -k**3 + k**2 - 1. Let b(j) = a(j) - 5*m(j). What is the remainder when 111 is divided by b(13)?
27
Suppose 2*i = -4*u + 5*u + 4, -i - 5 = -4*u. Suppose -i*x = 3, -4*q + 7*q = -x + 62. Calculate the remainder when q is divided by 12.
9
Let p = -6 + 11. Let c(j) be the second derivative of -j**5/20 + j**4/2 - 2*j**3/3 + j**2/2 - j. What is the remainder when 17 is divided by c(p)?
5
Let u(x) = x**2 - 6*x - 56. Suppose 2*k + 24 = -5*g + 4, -3*k + 5*g = -20. Let b(q) = -q**3 - q**2 + q + 6. What is the remainder when u(-6) is divided by b(k)?
4
Let v = -41 - -58. Calculate the remainder when 114 is divided by v.
12
Calculate the remainder when (-2)/(-10) - 16/(-20) is divided by 1.
0
What is the remainder when 1*56 - 24/6 is divided by 18?
16
Calculate the remainder when 332/6 - 4/12 is divided by 14.
13
Let u(p) = 4*p - 4. Suppose 2*w + 8 = 22. Calculate the remainder when w is divided by u(2).
3
Suppose 0*l - 3*l + 5*k = -441, 3*k = 0. Calculate the remainder when l is divided by 38.
33
Suppose z + 5 = 12. What is the remainder when (12/(-5))/(z/(-35)) is divided by 5?
2
Suppose -a + 28 = -29. Let n = 95 - a. What is the remainder when n is divided by 13?
12
Let j(d) = 75*d. Suppose 12 = -2*w + 50. What is the remainder when j(1) is divided by w?
18
Let f be ((-86)/(-4))/(1/2). Suppose -3*s = 12, -2*s - 3*s + f = 3*t. Suppose -m - 21 - 26 = -4*d, -2*m + 2 = 0. What is the remainder when t is divided by d?
9
Let x be (-4)/18 + (-152)/(-36). Let l(h) = 3*h + 1. Calculate the remainder when l(x) is divided by 8.
5
Let g(k) = 5*k + 4. Calculate the remainder when 56 is divided by g(3).
18
Let o = -14 + 29. What is the remainder when 44 is divided by o?
14
Suppose -36 = -k - 17. What is the remainder when k is divided by 10?
9
Let q(c) = 25*c - 2. Calculate the remainder when q(2) is divided by 17.
14
Suppose 0 = -2*v + 6, 3*h + 2*h - 4*v = 143. Calculate the remainder when h is divided by 8.
7
Let g = -8 + 10. Suppose -6 + 18 = g*y. Calculate the remainder when 22 is divided by y.
4
Let n(b) = b**2 - 6*b + 6. Let t be n(6). Let x(p) = -p + 2 + 8*p - 2*p - 4*p. Calculate the remainder when 14 is divided by x(t).
6
What is the remainder when (-547)/(-6) - (-5)/(-5 + -25) is divided by 32?
27
Let h = 18 + -5. Let x be 260/(-2 - 2)*1. Let f = x + 103. What is the remainder when f is divided by h?
12
Suppose -2 = 5*p - 22, p - 44 = -2*s. Calculate the remainder when 38 is divided by s.
18
Let f = 7 - 6. Calculate the remainder when (f/2)/(9/1314) is divided by 19.
16
Suppose -41 = -4*n + 19. Calculate the remainder when (-2)/(-16) + (-1755)/(-40) is divided by n.
14
Suppose 0 = 5*g - 0*g - 95. Calculate the remainder when g is divided by 5.
4
Calculate the remainder when 81 is divided by -2*(-72)/32*28/6.
18
Let z = 12 + -12. Suppose -5*r - 28 + 153 = z. What is the remainder when r is divided by 8 - (-2 - (-1 - 0))?
7
Let o(k) = 3*k**2 + 2*k + 6. Let b = -8 - -13. Let h = b + 5. What is the remainder when o(-3) is divided by h?
7
Calculate the remainder when (-67*(3 - 4))/1 is divided by (2 - (-84)/(-15))/((-2)/10).
13
Let d = 5 + 28. Calculate the remainder when d is divided by 9.
6
Let u = -24 + 36. Suppose -3*z - 6 = 0, 18 = 5*w - 4*w + 2*z. What is the remainder when w is divided by u?
10
Let u be (4 + -3)/((-1)/(-3)). Let p = u - -13. Suppose 5*f = -v - 3*v + 214, 180 = 4*f + v. What is the remainder when f is divided by p?
14
Let o = 18 + -4. What is the remainder when o is divided by 6?
2
Let g be 2/(-15) - 59072/(-240). What is the remainder when 3/(9*2/g) is divided by (1 + 2)*14/3?
13
Suppose 0 = 2*q - 8, 0*d + d = 4*q - 4. Let r(c) = -9*c + 1. Calculate the remainder when r(-5) is divided by d.
10
Let w = 0 - -7. Suppose -q + 2*g = 4, -q - w*g = -3*g - 2. Let h(o) = -3*o**3. Calculate the remainder when h(q) is divided by 13.
11
Calculate the remainder when 3 is divided by (-2)/(-7) + -3*(-95)/105.
0
Let s(f) = f**3 - 2*f**2 + 2*f. Let j be s(2). Suppose 0*a + 10 = 5*a. Suppose j = a*o - 26. What is the remainder when o is divided by 8?
7
Let r = 2 - 2. Let d be ((-4)/2)/((-4)/(-2)). Let b = r - d. Calculate the remainder when 2 is divided by b.
0
Suppose 0*n - 9 = -n. What is the remainder when 24 is divided by n?
6
Suppose -2*o + 2*s = 3*o - 7, 0 = 4*s + 4. Let w(l) = l**2 - 2*l + 4. Calculate the remainder when w(-3) is divided by (o + 1/(-3))*15.
9
Let t(y) = 18*y**2 - y - 1. Suppose 3*f - 93 - 63 = 0. Calculate the remainder when f is divided by t(-1).
16
Suppose 3*d - r = 4, 2*r + 0*r = d - 3. Let i(n) = n**2 + 4*n + 6. Calculate the remainder when d/3 - 190/(-6) is divided by i(-5).
10
Let f = -7 - -11. Suppose 3*b = m + 49, -18 = -5*b + f*m + 73. Suppose -3*v - 25 = -109. What is the remainder when v is divided by b?
13
Let k(o) = -o + 7. Let r be k(7). Suppose -q + 3*j + 10 = r, 4*q - 44 + 4 = 4*j. What is the remainder when 95/(-2)*(-8)/q is divided by 20?
18
Let n = 43 + -27. What is the remainder when 63 is divided by n?
15
Suppose -80 = -5*d + d. Calculate the remainder when d is divided by -2*(-2)/(-4)*-11.
9
Let p = 34 + -55. Let g = 5 - p. Calculate the remainder when g is divided by 9.
8
Suppose -5*h + 0*h + 3*c = -37, 18 = 2*h - 2*c. Let i = h + -1. Let d = -26 - -36. What is the remainder when d is divided by i?
2
Suppose 16 = 4*z - 8. Let o = -4 - -21. Calculate the remainder when o is divided by z.
5
Let y be 6/(-15) - 2289/(-35). Suppose -3 = -3*z + 51. Let i = y - z. Calculate the remainder when i is divided by 12.
11
Suppose -188 = -3*j - d, j + 3 = d + 71. Calculate the remainder when j is divided by 11.
9
Let q(x) = -x - 8. Let l be q(-6). What is the remainder when -8*6/(-2) - 1 is divided by 9/l*(-16)/6?
11
Let p = 32 + -18. What is the remainder when 55 is divided by p?
13
Let s = 33 - 25. What is the remainder when 1 - 7*-1*2 is divided by s?
7
Let k = 132 - -36. What is the remainder when k is divided by 43?
39
Let q(i) = i**2 - i + 7. Suppose 0 = -3*v + 3 + 12. Suppose -4*c + v*d = -2, -1 = -3*d + 5. What is the remainder when q(0) is divided by c?
1
Let f(d) = 154*d**2 + d. Let p be f(1). Let l = 300 - p. Suppose 82 = k + 2*k - 2*r, l = 5*k - 5*r. What is the remainder when k is divided by 9?
6
Let f = 6 - 4. Suppose 0 = -f*z + z + 6. Suppose -5*c + 30 = -2*c. Calculate the remainder when c is divided by z.
4
Let s = 67 - 46. Suppose -5*k = -9 - s. Let b(f) = -f**3 - 6*f**2 - 3*f - 1. What is the remainder when b(-6) is divided by k?
5
Suppose -2*k = 2, -2*k = 6*h - 2*h - 18. Let r = -57 - -80. Calculate the remainder when r is divided by h.